of p?
8
Let h(i) = -5 - 4 - 2*i**2 + i**3 + 2 - 3*i**2 - 3*i. What is the units digit of h(6)?
1
Suppose -g + 6*g - 22 = -2*c, -c = -g + 3. Suppose -y - 42 = -g*y. What is the units digit of y?
4
Suppose 2*a = 10, 20 = 3*m - 4*a - 161. What is the units digit of m?
7
Suppose -5*y = -4*n + 384, 0 = -y + 3*y. Suppose 0 = -8*w + 4*w + n. What is the units digit of w?
4
Suppose l + 5*h = 6*l - 220, -4*l + h + 164 = 0. Let i = l - 22. Suppose -2*y + 0*y = -i. What is the units digit of y?
9
Suppose 10 - 40 = -5*x. Suppose -4*f + w = -42, 2*w + w + x = 0. Suppose -4*g = -2*u - 2*u + 48, -2*g - f = 0. What is the units digit of u?
7
Let l(u) = -u**3 - 7*u**2 + 6*u - 10. Let j be l(-8). Let t = j + -7. Let m = t + 2. What is the units digit of m?
1
Let o(i) = -10*i - 12. Let a be o(5). Let f = a + 109. What is the units digit of f?
7
Let a be (-21)/2*(-2)/3. Let d = 5 - 3. What is the units digit of a/1 + d*-1?
5
Suppose 19*p - 92 = 17*p. What is the units digit of p?
6
Suppose -164 - 81 = -5*c. What is the units digit of c?
9
Suppose 5*i = 2*o + 89, 4 = -3*o - 2. What is the tens digit of i?
1
Let f(l) = l**2 - 11*l. Let q be f(12). Let y = 20 - q. What is the units digit of y?
8
Let t(s) = s**3 + 6*s**2 + s + 6. Let g be t(-6). Suppose 0 = 2*a - g*a - 100. Suppose 2*k - a = -3*k. What is the units digit of k?
0
Let p(b) = b**2 - 3*b - 1. Let c be p(2). Let z(f) = -f**2 - 4*f. What is the units digit of z(c)?
3
Let w(u) = -u**2 + 6*u - 3. Let z be w(4). Suppose m - 4*p = 28, p - 76 = -z*m + 5*p. What is the units digit of m?
2
Let p = 56 - 79. Let l = p + 13. Let w = l + 15. What is the units digit of w?
5
Let b = -11 + 131. What is the units digit of b?
0
Let r(o) = -6*o**3 + 2*o**2 + 3*o + 3. What is the tens digit of r(-3)?
7
Let n(j) = j**2 + 5*j - 5. Let g be n(-5). Let d = g + 12. Suppose -28 = -d*c + 3*c. What is the units digit of c?
7
What is the units digit of 3 + -6 + 0 + 1*42?
9
Suppose 3*n + 1 = -5. Let k = 6 + n. What is the units digit of (12/(-14))/(k/(-28))?
6
Let i = -2 + 6. Suppose i*s - 13 = 3*s. What is the units digit of s?
3
Let r = 18 - -2. What is the units digit of r?
0
Let l(w) = 2*w**3 - 2*w**2 - 2*w + 2. Let h be l(2). Let p = -6 + h. Suppose 0 = 4*n - p*n - 28. What is the units digit of n?
7
Let m be (-10)/(15/18 - 1). Suppose 4*r + r - m = 0. What is the units digit of r?
2
Let r be 2 + 9/6*18. Suppose 0 = 6*f - 5*f - r. What is the tens digit of f?
2
Let r(w) = -w**3 + 6*w**2 + 2*w + 2. What is the units digit of r(5)?
7
Let u = 40 + -16. What is the units digit of u?
4
What is the units digit of (-146)/(-6) + 3/(-9)?
4
What is the tens digit of 68/2 + (0 - -4)?
3
Suppose -5*d - g + 140 = 4*g, -4*d - 3*g = -108. What is the tens digit of d?
2
Let m(h) = 0 + h**2 + 6 - 5*h + 1. What is the units digit of m(5)?
7
Let k(p) = -p**2 - p + 6. Let h = -4 - -3. Let o be (-1 - -1)/(h - 0). What is the units digit of k(o)?
6
Suppose -r + 268 = 3*r. What is the units digit of r?
7
Let b be 1*3/(-3) - -40. Suppose -5*u + 21 = -b. What is the units digit of u?
2
What is the units digit of (9/(-18))/(2/(-92))?
3
Let q be (-1)/3 - (-1)/3. Suppose 5*w + 22 - 67 = q. What is the units digit of w?
9
What is the units digit of 1*(-663)/(-3) - 8/2?
7
Let x(a) = -a**3 + 4*a**2 + 6*a - 3. Suppose 4*j = 25 - 5. What is the units digit of x(j)?
2
Let t be (3 - 7/2)*-16. What is the units digit of (-68)/(-18) + t/36?
4
Let s(m) = -m**2 - 2*m. Let n(f) = f**2 - 5*f - 8. Let k be n(6). Let g be s(k). Suppose g*q + 4*q + 6 = 3*b, 27 = 4*b + q. What is the units digit of b?
6
Suppose -v = -0*v - 40. Let j = v + -29. What is the tens digit of j?
1
What is the units digit of 3/3*(70 - 3)?
7
Let m = 9 + 212. What is the units digit of m?
1
Suppose 14 + 10 = 3*b. Let j = 18 - b. What is the tens digit of j?
1
Let s(k) = -10*k - 1. Let o be s(-4). Suppose 4*t - o = t. What is the tens digit of t?
1
Suppose -c = -3*c + 6. Suppose -2*q - c + 31 = 0. What is the tens digit of q?
1
Let u be ((-4)/8)/(2/28). Let n = u - -13. What is the units digit of n/(-4) - (-87)/6?
3
What is the hundreds digit of (-58825)/(-175) - (-1)/(-7)?
3
Let l be 19 - (1 - 3/(-3)). Suppose 67 = 5*b + l. What is the tens digit of b?
1
Let o(u) = 0*u + 3*u - u - 3 + u. What is the units digit of o(4)?
9
Suppose 904 = 14*m - 468. What is the tens digit of m?
9
Let q be 28 + -4 + 2 + 4. Let c = q + -15. What is the units digit of c?
5
Let c(o) = -o**2 + 11*o - 10. Let l(y) = 4*y - 2. Let s be l(3). Let t be c(s). Suppose t = -d - 1 + 10. What is the units digit of d?
9
Let k(v) = v + 2. Let q be k(-1). Let u be (0 - -2)*(9 + q). Suppose -4*j - j + u = 0. What is the units digit of j?
4
Suppose -6*q + 11 = -13. What is the units digit of q?
4
What is the units digit of -1 - (1 + -2 + -1)?
1
Suppose 0 = 4*y - 4*q + 5*q + 8, -4*q + 4 = 4*y. What is the units digit of y/(-2)*48/18?
4
Suppose 0*k + 8 = 2*s + 4*k, 0 = -5*k - 20. Suppose -7*i = -s*i + 220. What is the units digit of i?
4
Suppose 5*i - 15 = 0, 2*i - 3 - 7 = -4*k. Let b(s) = 2*s. Let c be b(1). What is the units digit of (3 - c)*(k - -2)?
3
Suppose -2*u + 4*y - 19 = -5*u, -u - 5*y + 10 = 0. Suppose u*d - 195 = 2*d. Suppose -5*b + d = 5*w, 0 = 4*w - 0*w + 5*b - 51. What is the units digit of w?
4
Let l = 32 - 18. What is the units digit of l?
4
Let a(v) = 14*v + 2. Let i(q) = -21*q - 3. Let y(j) = 7*a(j) + 5*i(j). Let l be y(1). Let z(c) = -c**2 - 8*c + 7. What is the units digit of z(l)?
7
Let m be -5*6/(-5)*-2. Let w = 7 + m. Let b(t) = t**3 + 5*t**2 - t - 4. What is the units digit of b(w)?
1
Let y = 10 + -28. Let z be (-4)/y - (-6)/(-27). Suppose 4*r = z, u + 3*r + 4 = 15. What is the units digit of u?
1
Let x be -1 + (-1)/((-3)/(-78)). Let a be ((-4)/(-6))/((-6)/x). Suppose 4*u + a*j - 8 = 0, -j + 2*j = u - 2. What is the units digit of u?
2
Let v = 14 - 5. What is the units digit of v?
9
Let d = -57 + 129. Let y be d/3 - (-1 - -3). Suppose -3*t = -5*t + y. What is the units digit of t?
1
Let m(y) = -2*y + 9. Let q be m(-7). Let d = q + -20. What is the units digit of d?
3
Let l = -5 + 10. Let k = -3 + l. Suppose 3*z - 5 = k*w, 4*z - 20 = -w + z. What is the units digit of w?
5
Suppose -174 = 5*m + r, -2*r = m + 3*m + 144. Let y(l) = -5*l + 13. Let h be y(2). What is the units digit of (6/(-4))/(h/m)?
7
Let w be (-41*1)/(9/(-18)). Suppose w = -4*m + 6*m. What is the tens digit of m?
4
Let w be -1 + 3 - 1*4. Let s(u) = 2*u**2 - 6*u + 3. Let t be s(4). Let p = t + w. What is the units digit of p?
9
Let c(t) = 2*t**2 + 16*t + 4. What is the tens digit of c(-12)?
0
Suppose 0*z + z + 27 = 0. Let d = z - -10. Let g = d - -32. What is the tens digit of g?
1
Suppose 0*v - 20 = -4*v. Suppose 0 = 4*f + 9 - 57. Let g = f - v. What is the units digit of g?
7
Let y be 1/(-4 + (-145)/(-35)). Let f(g) be the first derivative of -g**2/2 + 10*g + 1. What is the units digit of f(y)?
3
Let p be (-2 - -4)*(-4)/8. Let h(z) = -2*z - 1. Let q be h(p). What is the units digit of -7*1/(0 - q)?
7
Suppose 2*f = -f - 6. Let x = -6 + f. Let d = x + 12. What is the units digit of d?
4
Let u = 3 - 1. Let b be (8/(-6))/(1/(-3)). Suppose x + u*v - 5 = v, 3*x + b*v - 19 = 0. What is the units digit of x?
1
Suppose -4*v = 4*k - 574 + 134, -5*v + 435 = 4*k. What is the units digit of k?
5
Let v(d) = -d**2 - 9*d - 9. Let j be 6/(-15) - 76/10. Let m be v(j). Let g = m + 3. What is the units digit of g?
2
Suppose -l = l - 14. Let m = 16 - l. What is the units digit of m?
9
Suppose -2*h = 4*k - 54, -h - 4*k + 63 = 26. What is the units digit of h?
7
Suppose r + r = -q - 3, -5*q - r = -12. What is the units digit of q?
3
Let p be (1 + 9/2)*2. Suppose -4*s + 68 - p = 3*y, -72 = -5*y + s. What is the tens digit of y?
1
Let n be (-39)/(-9) - 1/3. Suppose -3*x + n = -11. What is the units digit of x?
5
Let l be 4*(1/4 + 1). Suppose -3*r - t + 28 - 3 = 0, -l*r = 5*t - 25. What is the units digit of r?
0
Let s(q) = q**3 + q**2 + 1. Let t be s(-2). What is the tens digit of 151/4 + t/4?
3
Let l(u) = u**3 + u**2 + u + 3. Let o be l(0). Suppose 3 + o = d. What is the units digit of d/(-8) + (-86)/(-8)?
0
Let i = -161 + 232. What is the units digit of i?
1
What is the units digit of (-40)/30*270/(-4)?
0
Let z(i) be the first derivative of -1/4*i**4 + 4 + 7*i + 7/3*i*